 k = 15 - 5. Suppose 0 + k = 2*l. List the prime factors of l.
5
Suppose i + 5*y = 24, -2*i - 5*y + 33 = -0*i. Let j be 16/6 + 3/i. Suppose j*z + 0 = 12. What are the prime factors of z?
2
Suppose -6*v + 20 = -28. Suppose -h + 30 + v = 0. What are the prime factors of h?
2, 19
Suppose 112 = -a + 5*a. What are the prime factors of a?
2, 7
Let t be 6/(-3)*(-14)/(-4). Let k(h) = h**3 + 6*h**2 - 7*h + 4. List the prime factors of k(t).
2
Let h = 46 - 100. What are the prime factors of 2/8 + h/(-8)?
7
Suppose 5*f + 5 = -145. Let i = -19 - f. List the prime factors of i.
11
Suppose -2*c - 16 = -178. List the prime factors of c.
3
Let t(o) be the second derivative of 1/3*o**4 - 3/2*o**2 - 1/20*o**5 + 0 + 7/6*o**3 + o. What are the prime factors of t(5)?
7
Let l be 1 - (2 - 1/1). List the prime factors of (5 + -2)*(l + 2).
2, 3
Suppose 2*o - o + 3*u + 26 = 0, -2*o - 4*u - 46 = 0. Let r = o - -28. Suppose q = -0*q + r. List the prime factors of q.
11
Let u = 187 + -95. What are the prime factors of u?
2, 23
Let g(k) = 3*k + 30. What are the prime factors of g(-5)?
3, 5
Let t = 14 + -33. Let w be (-30)/(-9)*(-42)/(-5). Let o = w + t. What are the prime factors of o?
3
Let g = 163 - -50. List the prime factors of g.
3, 71
Suppose -a = -5*a + 8. Suppose w - 94 = -5*l, -6*l + a*l + 5*w + 52 = 0. List the prime factors of l.
2, 3
Let d(y) = 12*y + 10. List the prime factors of d(8).
2, 53
Let g(a) = 2*a - 3*a - 8 + a - 6*a. Let j be g(-8). Let c = -22 + j. List the prime factors of c.
2, 3
Suppose -3*m + 232 = m. List the prime factors of m.
2, 29
Suppose 2*t = -3*b + 123, 2*b - b = -2*t + 41. What are the prime factors of b?
41
Suppose -4*b + 2*b = -5*y - 6, 0 = 3*y + 4*b - 12. Let a = 2 - y. List the prime factors of a.
2
Let x(n) = -11*n**3 - 3*n**2 - 8*n - 2. List the prime factors of x(-3).
2, 73
Let w(f) = -f**3 - 5*f**2 - 5. Let h be w(-5). List the prime factors of 1*h*(-144)/45.
2
Let h be (20/(-6))/((-4)/(-6)). Let v(u) = 5. Let c(t) = t - 26. Let n(i) = -2*c(i) - 11*v(i). List the prime factors of n(h).
7
List the prime factors of (-18)/(-18) - 59/(-1).
2, 3, 5
Suppose -5*z - 3 = 4*r, -3*z + 2*z - 6 = -r. Suppose 0 = r*p - 12 - 12. List the prime factors of p.
2
Let v(j) = 12*j - 57. What are the prime factors of v(10)?
3, 7
Let b(g) = -g**3 - 16*g**2 - 18*g - 12. What are the prime factors of b(-15)?
3, 11
Let k(t) = -5*t + 1. Let m = 5 + -1. Let c = m + -6. What are the prime factors of k(c)?
11
Let c = 125 - 52. What are the prime factors of c?
73
Let p(u) = 2*u**3 - 9*u**2 + 10*u - 10. List the prime factors of p(5).
5, 13
Let k be -1*1/((-2)/56). Suppose 4*j - k = -4*w, j + 4 = -5*w - 5. List the prime factors of 0 + -1 + 2 + j.
2, 3
Let y = -101 - -220. Let i = y + -81. List the prime factors of i.
2, 19
Let v = 116 + 45. What are the prime factors of v?
7, 23
Suppose 10 = -u + 26. Let l = u - 9. Suppose l + 2 = d. List the prime factors of d.
3
Let z(k) = k + 9. Let v be z(-8). What are the prime factors of v/(-3) - 20/(-6)?
3
Let h(b) = 2*b**2 - b - 3. Let y be h(-5). Suppose -2*i - y = -6*i. List the prime factors of i.
13
Let a = -32 - -63. What are the prime factors of a?
31
Let s(y) = y**3 + 2*y**2 - 4*y + 3. Let x be s(2). Let a = -14 - -10. Let g = a + x. List the prime factors of g.
7
Suppose c = 3*c. Suppose -3*i - 2*i + 15 = c. Suppose -i*b = b - 48. What are the prime factors of b?
2, 3
Suppose -2*q = 2, 0*q = 3*n - q + 59. Let z be (-158)/(-8) - (-15)/n. Suppose -4*o + 5*d = -73, 2*o - z = o + 2*d. What are the prime factors of o?
17
Let x(n) = -11*n - 11. Let y(v) = -7*v - 7. Let p(b) = 5*x(b) - 8*y(b). What are the prime factors of p(3)?
2
Let z(f) = 12*f - 1. Let m be z(1). Let q = 36 - m. List the prime factors of q.
5
Suppose m = l - 4*m - 44, 116 = 5*l + m. List the prime factors of l.
2, 3
What are the prime factors of ((-836)/22)/((-2)/4)?
2, 19
Suppose 3*a - 14 = -3*t - 2*a, 0 = -4*a - 8. Let q be 2 + -3 + t + -2. Let s(r) = r**3 - 6*r**2 + 7*r - 6. What are the prime factors of s(q)?
2
Suppose -2*z + b - 6 = -3, z - b = -3. Suppose 5*p = -2*o + 6 + 8, z = -3*p. List the prime factors of o.
7
Let u be ((-6)/(-9))/((-1)/(-15)). Let p = -7 + u. Suppose -1 = 2*n + 7, -28 = -4*x - p*n. List the prime factors of x.
2, 5
List the prime factors of 6/(-24) + (-1154)/(-8).
2, 3
Suppose 4 = -2*o - 0. Let x(c) = 5*c**3 - 2*c**2 + 2*c - 1. Let y be x(1). List the prime factors of 10/(-4)*y/o.
5
Let o(p) = -p**3 + 3*p**2 + 5*p - 3. Let b be o(4). Let j = b - 0. List the prime factors of (1/2)/(j/24).
2, 3
Let a = 111 - 77. Suppose 6*s = 5*s + a. What are the prime factors of s?
2, 17
What are the prime factors of ((-2)/(-4))/((-4)/(-48))?
2, 3
Let u(p) = 11*p + 12. List the prime factors of u(15).
3, 59
Let r(j) = -j**2 + 7*j + 5. Let s be r(7). Suppose -i = 3*i + 12. Let q = s - i. List the prime factors of q.
2
Let y = 5 - 0. Suppose -k + 0 = -5, 3*j - 73 = -y*k. List the prime factors of j.
2
Let v(q) = q**3 - 6*q**2 - 4*q + 7. List the prime factors of v(7).
2, 7
Suppose -3*a + 48 = a. Suppose -v - 4*v + 4*y + a = 0, 5*v - 18 = y. What are the prime factors of v?
2
Let g = -19 + 27. Let d = -5 + g. What are the prime factors of d?
3
Let h(w) = -w**3 - 2*w**2 - w + 1. Let p be h(-2). Suppose -4*a + 6 = -p*a. List the prime factors of a.
2, 3
Suppose 0 = -4*b + 15 + 9. List the prime factors of b.
2, 3
Let v = -28 - -50. What are the prime factors of v?
2, 11
Let c(o) be the first derivative of o**3 + 2*o**2 - o + 1. What are the prime factors of c(-3)?
2, 7
What are the prime factors of 154/(-44)*(0 + -4)?
2, 7
Let l(g) = 1 + 6*g - 7 - 8*g. Let u be l(-5). Suppose -u*z + 6*z - 42 = 0. List the prime factors of z.
3, 7
Suppose 2 = -0*w + w. Let l be 26 + (-1 - w)*-1. Let k = -12 + l. What are the prime factors of k?
17
Let n = 1947 + -2867. List the prime factors of n/(-32) + (-1)/(-4).
29
Let g(h) = 6*h + 2 - 5 - 5 + 2. What are the prime factors of g(4)?
2, 3
Suppose 5*a + 5 - 21 = -4*q, 0 = -5*q - 4*a + 29. List the prime factors of q.
3
Let h(l) = -18*l**3 + l**2 + l + 1. What are the prime factors of h(-1)?
19
Suppose -k - 3*g = 10, 2*k + g + 0*g = 0. Suppose k*o + 4 = 4*o. Suppose 3*s - 82 = -o*s - v, 0 = s - 2*v - 12. List the prime factors of s.
2
Let h be (-6)/4*(6 - -4). What are the prime factors of h/3*(0 - 2)?
2, 5
Let i(m) = 3*m + 4*m**2 - 3*m**2 - 5*m**2 - 7 - m**3. Let n(p) = -4*p**2 - 1. Let t be n(-1). What are the prime factors of i(t)?
3
Let f(w) = w**2 + 6*w + 1. Let j be f(-6). Let m be (6/9)/(j/18). Suppose 5*o = -3*b - 0*o + 29, b - m = -4*o. List the prime factors of b.
2
Suppose -2*d - 5*l + 0*l = -12, 0 = -4*d - l - 12. List the prime factors of (d/(-6))/(8/84).
7
Let l(b) = -36*b - 81. List the prime factors of l(-14).
3, 47
What are the prime factors of 4*3/24*38?
19
Suppose -2*l = -l - 2. Suppose 0 = 5*m + 4*k - 80, -l*m = -5*k - 17 - 48. What are the prime factors of m?
2, 5
Suppose -2*y - 14 = -4*n, -2*y - 6 = -n + y. Let f = n + 13. List the prime factors of f.
2
Let g = 280 + -64. What are the prime factors of g?
2, 3
Let n = 14 + -37. List the prime factors of -3*1*n/3.
23
Let s = 110 + -36. List the prime factors of s.
2, 37
Suppose -2*s - 25 = -7*s. Suppose -s = -b + 1. List the prime factors of b.
2, 3
Suppose 6*h - 140 = -h. List the prime factors of h.
2, 5
Let w = -4 + 6. Let i = w + 9. What are the prime factors of i?
11
Suppose l - 3*i = -7, -4*l + 0 - 1 = -3*i. Suppose -2*o = l*n - 3*o - 1, -1 = n - o. Suppose -n*u + 24 + 2 = 0. What are the prime factors of u?
13
Let s(v) = v**3 - 5*v**2 + 6*v - 3. Let l be s(4). Suppose l*a - 2*a - 42 = 0. Suppose -89 + a = -5*g. What are the prime factors of g?
3, 5
Suppose 5*x - 7 - 18 = d, 2*x - 10 = 5*d. Suppose 3*v + 136 = 4*s, -2*s + d*v + 3*v = -74. List the prime factors of s.
31
Suppose -27 = -l + 4*l. List the prime factors of 52/2 + 7 + l.
2, 3
Let j = 18 + -16. List the prime factors of j - 3 - -38 - 3.
2, 17
Let q(h) = h + 1. Let k be q(-7). What are the prime factors of (-7 + 4)*k/1?
2, 3
What are the prime factors of 1*3/9*99?
3, 11
Suppose 1686 = 26*w - 20*w. List the prime factors of w.
281
Let p(h) = -31*h**2 + 16*h + 21. Let q(l) = -6*l**2 + 3*l + 4. Let r(w) = 2*p(w) - 11*q(w). Let m(f) = f - 4. Let k be m(6). What are the pri